{"id":667,"date":"2019-05-21T20:03:47","date_gmt":"2019-05-21T20:03:47","guid":{"rendered":"http:\/\/aramarvarais.com\/?page_id=667"},"modified":"2024-06-27T15:22:44","modified_gmt":"2024-06-27T15:22:44","slug":"varal-de-chao-aluminio","status":"publish","type":"page","link":"https:\/\/aramarvarais.com\/?page_id=667","title":{"rendered":"Varal de ch\u00e3o alum\u00ednio"},"content":{"rendered":"<p>Varal de ch\u00e3o feito em alum\u00ednio bom para qualquer parte da \u00e1rea de servi\u00e7o, pode ficar na chuva.<\/p>\n<h3>Varal de ch\u00e3o Ibiza<\/h3>\n<p><img fetchpriority=\"high\" decoding=\"async\" class=\"alignnone size-full wp-image-668\" src=\"http:\/\/aramarvarais.com\/wp-content\/uploads\/2019\/05\/varal-de-chao-ibiza-santos.jpg\" alt=\"varal-de-chao-ibiza-santos- casa dos varais\" width=\"700\" height=\"651\" srcset=\"https:\/\/aramarvarais.com\/wp-content\/uploads\/2019\/05\/varal-de-chao-ibiza-santos.jpg 700w, https:\/\/aramarvarais.com\/wp-content\/uploads\/2019\/05\/varal-de-chao-ibiza-santos-300x279.jpg 300w\" sizes=\"(max-width: 700px) 100vw, 700px\" \/><\/p>\n<p><img decoding=\"async\" class=\"alignnone size-full wp-image-748\" src=\"http:\/\/aramarvarais.com\/wp-content\/uploads\/2019\/05\/varal-de-chao-ibiza.jpg\" alt=\"varal-de-chao-ibiza\" width=\"889\" height=\"625\" \/><\/p>\n<p>\u00a0<\/p>\n<p>\u00a0<\/p>\n<h3>Varal de ch\u00e3o Big com abas<\/h3>\n<p><img decoding=\"async\" class=\"alignnone size-full wp-image-669\" src=\"http:\/\/aramarvarais.com\/wp-content\/uploads\/2019\/05\/varal-de-chao-big-aluminio-santos.jpg\" alt=\"varal-de-chao-big-aluminio-santos\" width=\"700\" height=\"651\" srcset=\"https:\/\/aramarvarais.com\/wp-content\/uploads\/2019\/05\/varal-de-chao-big-aluminio-santos.jpg 700w, https:\/\/aramarvarais.com\/wp-content\/uploads\/2019\/05\/varal-de-chao-big-aluminio-santos-300x279.jpg 300w\" sizes=\"(max-width: 700px) 100vw, 700px\" \/><\/p>\n<p><img loading=\"lazy\" decoding=\"async\" class=\"alignnone size-full wp-image-750\" src=\"http:\/\/aramarvarais.com\/wp-content\/uploads\/2019\/05\/varal-de-chao-big-aluminio.jpg\" alt=\"varal-de-chao-big-aluminio\" width=\"889\" height=\"625\" srcset=\"https:\/\/aramarvarais.com\/wp-content\/uploads\/2019\/05\/varal-de-chao-big-aluminio.jpg 889w, https:\/\/aramarvarais.com\/wp-content\/uploads\/2019\/05\/varal-de-chao-big-aluminio-300x211.jpg 300w, https:\/\/aramarvarais.com\/wp-content\/uploads\/2019\/05\/varal-de-chao-big-aluminio-768x540.jpg 768w\" sizes=\"(max-width: 889px) 100vw, 889px\" \/><\/p>\n<p>\u00a0<\/p>\n<p>\u00a0<\/p>\n\n\n<figure class=\"wp-block-image\"><img loading=\"lazy\" decoding=\"async\" width=\"500\" height=\"166\" src=\"http:\/\/aramarvarais.com\/wp-content\/uploads\/2024\/06\/contato-varal-santos-aramar-varais.png\" alt=\"\" class=\"wp-image-907\" srcset=\"https:\/\/aramarvarais.com\/wp-content\/uploads\/2024\/06\/contato-varal-santos-aramar-varais.png 500w, https:\/\/aramarvarais.com\/wp-content\/uploads\/2024\/06\/contato-varal-santos-aramar-varais-300x100.png 300w\" sizes=\"(max-width: 500px) 100vw, 500px\" \/><\/figure>\n","protected":false},"excerpt":{"rendered":"<p>Varal de ch\u00e3o feito em alum\u00ednio bom para qualquer parte da \u00e1rea de servi\u00e7o, pode ficar na chuva. Varal de ch\u00e3o Ibiza \u00a0 \u00a0 Varal de ch\u00e3o Big com abas \u00a0 \u00a0<\/p>\n","protected":false},"author":1,"featured_media":0,"parent":0,"menu_order":0,"comment_status":"closed","ping_status":"closed","template":"","meta":{"footnotes":""},"class_list":["post-667","page","type-page","status-publish","hentry"],"_links":{"self":[{"href":"https:\/\/aramarvarais.com\/index.php?rest_route=\/wp\/v2\/pages\/667","targetHints":{"allow":["GET"]}}],"collection":[{"href":"https:\/\/aramarvarais.com\/index.php?rest_route=\/wp\/v2\/pages"}],"about":[{"href":"https:\/\/aramarvarais.com\/index.php?rest_route=\/wp\/v2\/types\/page"}],"author":[{"embeddable":true,"href":"https:\/\/aramarvarais.com\/index.php?rest_route=\/wp\/v2\/users\/1"}],"replies":[{"embeddable":true,"href":"https:\/\/aramarvarais.com\/index.php?rest_route=%2Fwp%2Fv2%2Fcomments&post=667"}],"version-history":[{"count":10,"href":"https:\/\/aramarvarais.com\/index.php?rest_route=\/wp\/v2\/pages\/667\/revisions"}],"predecessor-version":[{"id":909,"href":"https:\/\/aramarvarais.com\/index.php?rest_route=\/wp\/v2\/pages\/667\/revisions\/909"}],"wp:attachment":[{"href":"https:\/\/aramarvarais.com\/index.php?rest_route=%2Fwp%2Fv2%2Fmedia&parent=667"}],"curies":[{"name":"wp","href":"https:\/\/api.w.org\/{rel}","templated":true}]}}