{"id":489,"date":"2017-03-06T21:24:13","date_gmt":"2017-03-06T21:24:13","guid":{"rendered":"http:\/\/aramarvarais.com\/?page_id=489"},"modified":"2025-05-15T12:29:16","modified_gmt":"2025-05-15T12:29:16","slug":"comparativo","status":"publish","type":"page","link":"https:\/\/aramarvarais.com\/?page_id=489","title":{"rendered":"comparativo varal de teto"},"content":{"rendered":"<p>Aqui nessa p\u00e1gina vamos mostrar as principais vantagens ao adquirir um varal da Aramar.<\/p>\n<p><em><strong>1\u00ba Garantia<\/strong><\/em>: Enquanto os concorrentes d\u00e3o no m\u00e1ximo de 6 meses\u00a0 o nosso varal tradicional Aramar com pintura eletrost\u00e1tica branca ou brilhante tem 1 ano de garantia total!<\/p>\n<p><em><strong>2\u00ba Perfil da vareta: <\/strong>Nosso varal tradicional trabalha com o perfil 3\/8 x 1\/16 \u00e9 o melhor que se pode ter enquanto a maioria da linhas industriais trabalha com o perfil 3\/8 x 1\/10.<\/em><\/p>\n<p><img fetchpriority=\"high\" decoding=\"async\" class=\"alignnone wp-image-490\" src=\"http:\/\/aramarvarais.com\/wp-content\/uploads\/2017\/03\/site-varal-aluminio-bom-compara-300x208.jpg\" alt=\"site-varal-aluminio-bom-compara\" width=\"467\" height=\"324\" srcset=\"https:\/\/aramarvarais.com\/wp-content\/uploads\/2017\/03\/site-varal-aluminio-bom-compara-300x208.jpg 300w, https:\/\/aramarvarais.com\/wp-content\/uploads\/2017\/03\/site-varal-aluminio-bom-compara-768x532.jpg 768w, https:\/\/aramarvarais.com\/wp-content\/uploads\/2017\/03\/site-varal-aluminio-bom-compara.jpg 894w\" sizes=\"(max-width: 467px) 100vw, 467px\" \/><\/p>\n<p><em><strong>3\u00ba Acabamento: <\/strong>Algumas marcas usam o alum\u00ednio natural que n\u00e3o \u00e9 indicado para varal, nosso varal usa o alum\u00ednio anodizado brilhante ou com pintura eletrost\u00e1tica branca.<br \/>\n<\/em><\/p>\n<p><em><strong>4\u00ba Fixa\u00e7\u00e3o das varetas:<\/strong> Algumas marcas usam<\/em> o sistema de encaixe ou solda, nosso varal as varetas s\u00e3o fixadas com rebite que garante mais resist\u00eancia.<\/p>\n<p><em><strong>5\u00ba Corda:<\/strong><\/em> Algumas marcas usam a corda de nylon <span style=\"color: #ff6600;\">1,5<\/span> ou <span style=\"color: #ff6600;\">2,0<\/span> mm outras usam <span style=\"color: #ff6600;\">3,0<\/span> mm polipropileno nosso varal tradicional Aramar usa corda de <span style=\"color: #993366;\"><span style=\"color: #3366ff;\">4,0 mm<\/span> <\/span>polipropileno que garante mais resist\u00eancia.<\/p>\n<p><strong><em>6\u00ba Capacidade de peso:<\/em><\/strong> Comparamos com a principal marca do mercado.<br \/>\nVaral de 1,40:<br \/>\nSecalux a\u00e7o: <span style=\"color: #3366ff;\">13\u00a0\u00a0<\/span> quilos<\/p>\n<p>Secalux alum\u00ednio: <span style=\"color: #ff6600;\">8<\/span> quilos<\/p>\n<p>Aramar alum\u00ednio: <span style=\"color: #3366ff;\">15<\/span>\u00a0quilos<\/p>\n","protected":false},"excerpt":{"rendered":"<p>Aqui nessa p\u00e1gina vamos mostrar as principais vantagens ao adquirir um varal da Aramar. 1\u00ba Garantia: Enquanto os concorrentes d\u00e3o no m\u00e1ximo de 6 meses\u00a0 o nosso varal tradicional Aramar com pintura eletrost\u00e1tica branca ou brilhante tem 1 ano de garantia total! 2\u00ba Perfil da vareta: Nosso varal tradicional trabalha com o perfil 3\/8 x 1\/16 \u00e9 o melhor que se pode ter enquanto a maioria da linhas industriais trabalha com o perfil 3\/8 x 1\/10. 3\u00ba Acabamento: Algumas marcas usam o alum\u00ednio natural que n\u00e3o \u00e9 indicado para varal, nosso varal usa o alum\u00ednio anodizado brilhante ou com pintura eletrost\u00e1tica branca. 4\u00ba Fixa\u00e7\u00e3o das varetas: Algumas marcas usam o sistema de encaixe ou solda, nosso varal as varetas s\u00e3o fixadas com rebite que garante mais resist\u00eancia. 5\u00ba Corda: Algumas marcas usam a corda de nylon 1,5 ou 2,0 mm outras usam 3,0 mm polipropileno nosso varal tradicional Aramar usa corda de 4,0 mm polipropileno que garante mais resist\u00eancia. 6\u00ba Capacidade de peso: Comparamos com a principal marca do mercado. Varal de 1,40: Secalux a\u00e7o: 13\u00a0\u00a0 quilos Secalux alum\u00ednio: 8 quilos Aramar alum\u00ednio: 15\u00a0quilos<\/p>\n","protected":false},"author":1,"featured_media":0,"parent":7,"menu_order":0,"comment_status":"closed","ping_status":"closed","template":"","meta":{"footnotes":""},"class_list":["post-489","page","type-page","status-publish","hentry"],"_links":{"self":[{"href":"https:\/\/aramarvarais.com\/index.php?rest_route=\/wp\/v2\/pages\/489","targetHints":{"allow":["GET"]}}],"collection":[{"href":"https:\/\/aramarvarais.com\/index.php?rest_route=\/wp\/v2\/pages"}],"about":[{"href":"https:\/\/aramarvarais.com\/index.php?rest_route=\/wp\/v2\/types\/page"}],"author":[{"embeddable":true,"href":"https:\/\/aramarvarais.com\/index.php?rest_route=\/wp\/v2\/users\/1"}],"replies":[{"embeddable":true,"href":"https:\/\/aramarvarais.com\/index.php?rest_route=%2Fwp%2Fv2%2Fcomments&post=489"}],"version-history":[{"count":9,"href":"https:\/\/aramarvarais.com\/index.php?rest_route=\/wp\/v2\/pages\/489\/revisions"}],"predecessor-version":[{"id":995,"href":"https:\/\/aramarvarais.com\/index.php?rest_route=\/wp\/v2\/pages\/489\/revisions\/995"}],"up":[{"embeddable":true,"href":"https:\/\/aramarvarais.com\/index.php?rest_route=\/wp\/v2\/pages\/7"}],"wp:attachment":[{"href":"https:\/\/aramarvarais.com\/index.php?rest_route=%2Fwp%2Fv2%2Fmedia&parent=489"}],"curies":[{"name":"wp","href":"https:\/\/api.w.org\/{rel}","templated":true}]}}