{"id":317,"date":"2017-02-15T17:34:58","date_gmt":"2017-02-15T17:34:58","guid":{"rendered":"http:\/\/aramarvarais.com\/?page_id=317"},"modified":"2026-03-20T21:45:37","modified_gmt":"2026-03-20T21:45:37","slug":"sob-medida","status":"publish","type":"page","link":"https:\/\/aramarvarais.com\/?page_id=317","title":{"rendered":"sob medida"},"content":{"rendered":"<h3>Fazemos varal sob medida tanto o tradicional quanto o individual, com material de qualidade. O varal sob medida n\u00e3o \u00e9 uma quest\u00e3o de<\/h3>\n<h3>tamanho mais de individualidade muitas \u00e1reas de servi\u00e7o tem aquecedores e arm\u00e1rios nem sempre o varal de medida padr\u00e3o se encaixa<\/h3>\n<h3>no espa\u00e7o que sobrou.<\/h3>\n<p><img fetchpriority=\"high\" decoding=\"async\" class=\"alignnone size-full wp-image-639\" src=\"http:\/\/aramarvarais.com\/wp-content\/uploads\/2017\/02\/site-varal-sob-medida-guaruja-arquiteto.jpg\" alt=\"site-varal-sob-medida-guaruja-arquiteto\" width=\"1200\" height=\"1012\" srcset=\"https:\/\/aramarvarais.com\/wp-content\/uploads\/2017\/02\/site-varal-sob-medida-guaruja-arquiteto.jpg 1200w, https:\/\/aramarvarais.com\/wp-content\/uploads\/2017\/02\/site-varal-sob-medida-guaruja-arquiteto-300x253.jpg 300w, https:\/\/aramarvarais.com\/wp-content\/uploads\/2017\/02\/site-varal-sob-medida-guaruja-arquiteto-768x648.jpg 768w, https:\/\/aramarvarais.com\/wp-content\/uploads\/2017\/02\/site-varal-sob-medida-guaruja-arquiteto-1024x864.jpg 1024w\" sizes=\"(max-width: 1200px) 100vw, 1200px\" \/><\/p>\n<p><img decoding=\"async\" class=\"alignnone wp-image-1482\" src=\"https:\/\/aramarvarais.com\/wp-content\/uploads\/2026\/03\/varal-sob-medida-guaruja.jpg\" alt=\"\" width=\"1318\" height=\"989\" srcset=\"https:\/\/aramarvarais.com\/wp-content\/uploads\/2026\/03\/varal-sob-medida-guaruja.jpg 1500w, https:\/\/aramarvarais.com\/wp-content\/uploads\/2026\/03\/varal-sob-medida-guaruja-300x225.jpg 300w, https:\/\/aramarvarais.com\/wp-content\/uploads\/2026\/03\/varal-sob-medida-guaruja-1024x768.jpg 1024w, https:\/\/aramarvarais.com\/wp-content\/uploads\/2026\/03\/varal-sob-medida-guaruja-768x576.jpg 768w\" sizes=\"(max-width: 1318px) 100vw, 1318px\" \/><\/p>\n<h3>Na Aramar Varais voc\u00ea escolhe o comprimento, n\u00famero de varetas e largura, o varal fica otimizado na sua \u00e1rea de servi\u00e7o.<\/h3>\n<p><img decoding=\"async\" class=\"alignnone wp-image-1485\" src=\"https:\/\/aramarvarais.com\/wp-content\/uploads\/2026\/03\/varal-tradicional-sob-medida.jpg\" alt=\"\" width=\"1315\" height=\"986\" srcset=\"https:\/\/aramarvarais.com\/wp-content\/uploads\/2026\/03\/varal-tradicional-sob-medida.jpg 1200w, https:\/\/aramarvarais.com\/wp-content\/uploads\/2026\/03\/varal-tradicional-sob-medida-300x225.jpg 300w, https:\/\/aramarvarais.com\/wp-content\/uploads\/2026\/03\/varal-tradicional-sob-medida-1024x768.jpg 1024w, https:\/\/aramarvarais.com\/wp-content\/uploads\/2026\/03\/varal-tradicional-sob-medida-768x576.jpg 768w\" sizes=\"(max-width: 1315px) 100vw, 1315px\" \/><\/p>\n<h3>Em parceria com\u00a0 arquiteta Fernanda, fizemos um varal com o recorte para o aquecer n\u00e3o perdemos nem 1 cm da \u00e1rea de servi\u00e7o.<\/h3>\n<p><img loading=\"lazy\" decoding=\"async\" class=\"alignnone wp-image-1487\" src=\"https:\/\/aramarvarais.com\/wp-content\/uploads\/2026\/03\/varal-sob-medida-arq-fernanda.jpg\" alt=\"\" width=\"1319\" height=\"989\" srcset=\"https:\/\/aramarvarais.com\/wp-content\/uploads\/2026\/03\/varal-sob-medida-arq-fernanda.jpg 1200w, https:\/\/aramarvarais.com\/wp-content\/uploads\/2026\/03\/varal-sob-medida-arq-fernanda-300x225.jpg 300w, https:\/\/aramarvarais.com\/wp-content\/uploads\/2026\/03\/varal-sob-medida-arq-fernanda-1024x768.jpg 1024w, https:\/\/aramarvarais.com\/wp-content\/uploads\/2026\/03\/varal-sob-medida-arq-fernanda-768x576.jpg 768w\" sizes=\"(max-width: 1319px) 100vw, 1319px\" \/><\/p>\n<p>&nbsp;<\/p>\n<p>&nbsp;<\/p>\n<p>&nbsp;<\/p>\n<p>&nbsp;<\/p>\n<p><img loading=\"lazy\" decoding=\"async\" class=\"alignnone wp-image-318\" src=\"http:\/\/aramarvarais.com\/wp-content\/uploads\/2017\/02\/site-sob-medida-branco-varal-300x200.jpg\" alt=\"site-sob-medida-branco-varal\" width=\"1196\" height=\"797\" srcset=\"https:\/\/aramarvarais.com\/wp-content\/uploads\/2017\/02\/site-sob-medida-branco-varal-300x200.jpg 300w, https:\/\/aramarvarais.com\/wp-content\/uploads\/2017\/02\/site-sob-medida-branco-varal-768x513.jpg 768w, https:\/\/aramarvarais.com\/wp-content\/uploads\/2017\/02\/site-sob-medida-branco-varal.jpg 800w\" sizes=\"(max-width: 1196px) 100vw, 1196px\" \/><\/p>\n<p><img loading=\"lazy\" decoding=\"async\" class=\"alignnone wp-image-330\" src=\"http:\/\/aramarvarais.com\/wp-content\/uploads\/2017\/02\/site-sob-medida-branco-detalhe-300x161.jpg\" alt=\"site-sob-medida-branco-detalhe\" width=\"1196\" height=\"642\" srcset=\"https:\/\/aramarvarais.com\/wp-content\/uploads\/2017\/02\/site-sob-medida-branco-detalhe-300x161.jpg 300w, https:\/\/aramarvarais.com\/wp-content\/uploads\/2017\/02\/site-sob-medida-branco-detalhe.jpg 640w\" sizes=\"(max-width: 1196px) 100vw, 1196px\" \/><\/p>\n<p>&nbsp;<\/p>\n<h3>suporte certo para cada \u00e1rea de servi\u00e7o.<\/h3>\n<p><img loading=\"lazy\" decoding=\"async\" class=\"alignnone wp-image-321\" src=\"http:\/\/aramarvarais.com\/wp-content\/uploads\/2017\/02\/site-varal-sob-medida2-300x225.jpg\" alt=\"site-varal-sob-medida2\" width=\"1190\" height=\"893\" srcset=\"https:\/\/aramarvarais.com\/wp-content\/uploads\/2017\/02\/site-varal-sob-medida2-300x225.jpg 300w, https:\/\/aramarvarais.com\/wp-content\/uploads\/2017\/02\/site-varal-sob-medida2-768x576.jpg 768w, https:\/\/aramarvarais.com\/wp-content\/uploads\/2017\/02\/site-varal-sob-medida2.jpg 800w\" sizes=\"(max-width: 1190px) 100vw, 1190px\" \/><\/p>\n<p>&nbsp;<\/p>\n<p>3 Varais sob medida, visualize antes de fazer a op\u00e7\u00e3o de instala\u00e7\u00e3o!<\/p>\n<p><img loading=\"lazy\" decoding=\"async\" class=\"alignnone wp-image-332\" src=\"http:\/\/aramarvarais.com\/wp-content\/uploads\/2017\/02\/site-varal-sob-medida-projeto-170x300.jpg\" alt=\"site-varal-sob-medida-projeto\" width=\"867\" height=\"1530\" \/><\/p>\n<p>&nbsp;<\/p>\n<p>A cliente pediu um varal pequeno por usar o apartamento apenas no final de semana.<\/p>\n<p><img loading=\"lazy\" decoding=\"async\" class=\"alignnone wp-image-340\" src=\"http:\/\/aramarvarais.com\/wp-content\/uploads\/2017\/02\/site-varal-sob-medida-300x169.jpg\" alt=\"site-varal-sob-medida\" width=\"874\" height=\"493\" srcset=\"https:\/\/aramarvarais.com\/wp-content\/uploads\/2017\/02\/site-varal-sob-medida-300x169.jpg 300w, https:\/\/aramarvarais.com\/wp-content\/uploads\/2017\/02\/site-varal-sob-medida-768x432.jpg 768w, https:\/\/aramarvarais.com\/wp-content\/uploads\/2017\/02\/site-varal-sob-medida.jpg 1000w\" sizes=\"(max-width: 874px) 100vw, 874px\" \/><\/p>\n<p>&nbsp;<\/p>\n<p>Nessa caso era necess\u00e1rio usar todo o espa\u00e7o dispon\u00edvel.<\/p>\n<p><img loading=\"lazy\" decoding=\"async\" class=\"alignnone wp-image-342\" src=\"http:\/\/aramarvarais.com\/wp-content\/uploads\/2017\/02\/site-sob-medida-individual-225x300.jpg\" alt=\"site-sob-medida-individual\" width=\"877\" height=\"1170\" srcset=\"https:\/\/aramarvarais.com\/wp-content\/uploads\/2017\/02\/site-sob-medida-individual-225x300.jpg 225w, https:\/\/aramarvarais.com\/wp-content\/uploads\/2017\/02\/site-sob-medida-individual.jpg 600w\" sizes=\"(max-width: 877px) 100vw, 877px\" \/><\/p>\n<p>&nbsp;<\/p>\n<p>O \u00fanico espa\u00e7o dispon\u00edvel para o varal.<\/p>\n<p><img loading=\"lazy\" decoding=\"async\" class=\"alignnone wp-image-344\" src=\"http:\/\/aramarvarais.com\/wp-content\/uploads\/2017\/02\/site-varal-sob-medida-santos-267x300.jpg\" alt=\"site-varal-sob-medida-santos\" width=\"881\" height=\"990\" srcset=\"https:\/\/aramarvarais.com\/wp-content\/uploads\/2017\/02\/site-varal-sob-medida-santos-267x300.jpg 267w, https:\/\/aramarvarais.com\/wp-content\/uploads\/2017\/02\/site-varal-sob-medida-santos-768x863.jpg 768w, https:\/\/aramarvarais.com\/wp-content\/uploads\/2017\/02\/site-varal-sob-medida-santos-911x1024.jpg 911w, https:\/\/aramarvarais.com\/wp-content\/uploads\/2017\/02\/site-varal-sob-medida-santos.jpg 1000w\" sizes=\"(max-width: 881px) 100vw, 881px\" \/><\/p>\n<p><img loading=\"lazy\" decoding=\"async\" class=\"alignnone wp-image-400\" src=\"http:\/\/aramarvarais.com\/wp-content\/uploads\/2017\/02\/site-varal-sob-medida-guaruja-300x169.jpg\" alt=\"site-varal-sob-medida-guaruja\" width=\"882\" height=\"497\" srcset=\"https:\/\/aramarvarais.com\/wp-content\/uploads\/2017\/02\/site-varal-sob-medida-guaruja-300x169.jpg 300w, https:\/\/aramarvarais.com\/wp-content\/uploads\/2017\/02\/site-varal-sob-medida-guaruja-768x433.jpg 768w, https:\/\/aramarvarais.com\/wp-content\/uploads\/2017\/02\/site-varal-sob-medida-guaruja-1024x577.jpg 1024w, https:\/\/aramarvarais.com\/wp-content\/uploads\/2017\/02\/site-varal-sob-medida-guaruja.jpg 1200w\" sizes=\"(max-width: 882px) 100vw, 882px\" \/><\/p>\n<p>&nbsp;<\/p>\n<p>&nbsp;<\/p>\n<p>&nbsp;<\/p>\n<p>O varal \u00e9 feito no espa\u00e7o que sua \u00e1rea de servi\u00e7o tem!<\/p>\n<p><img loading=\"lazy\" decoding=\"async\" class=\"alignnone wp-image-456\" src=\"http:\/\/aramarvarais.com\/wp-content\/uploads\/2017\/02\/site-sob-medida-maresias-300x169.jpg\" alt=\"site-sob-medida-maresias\" width=\"884\" height=\"498\" srcset=\"https:\/\/aramarvarais.com\/wp-content\/uploads\/2017\/02\/site-sob-medida-maresias-300x169.jpg 300w, https:\/\/aramarvarais.com\/wp-content\/uploads\/2017\/02\/site-sob-medida-maresias-768x432.jpg 768w, https:\/\/aramarvarais.com\/wp-content\/uploads\/2017\/02\/site-sob-medida-maresias-1024x576.jpg 1024w, https:\/\/aramarvarais.com\/wp-content\/uploads\/2017\/02\/site-sob-medida-maresias.jpg 1100w\" sizes=\"(max-width: 884px) 100vw, 884px\" \/><\/p>\n<p><img loading=\"lazy\" decoding=\"async\" class=\"alignnone wp-image-464\" src=\"http:\/\/aramarvarais.com\/wp-content\/uploads\/2017\/02\/site-varal-sob-medida-peruibe-200x300.jpg\" alt=\"site-varal-sob-medida-peruibe\" width=\"887\" height=\"1331\" srcset=\"https:\/\/aramarvarais.com\/wp-content\/uploads\/2017\/02\/site-varal-sob-medida-peruibe-200x300.jpg 200w, https:\/\/aramarvarais.com\/wp-content\/uploads\/2017\/02\/site-varal-sob-medida-peruibe.jpg 650w\" sizes=\"(max-width: 887px) 100vw, 887px\" \/><\/p>\n<p>Outra exclusividade nossa o varal feito com as varetas invertidas aproveitando melhor a circula\u00e7\u00e3o de ar!<\/p>\n<p><img loading=\"lazy\" decoding=\"async\" class=\"alignnone wp-image-535 \" src=\"http:\/\/aramarvarais.com\/wp-content\/uploads\/2017\/02\/site-sob-casa-dos-varais-santos.jpg\" alt=\"site-sob-casa-dos-varais-santos\" width=\"786\" height=\"1048\" srcset=\"https:\/\/aramarvarais.com\/wp-content\/uploads\/2017\/02\/site-sob-casa-dos-varais-santos.jpg 700w, https:\/\/aramarvarais.com\/wp-content\/uploads\/2017\/02\/site-sob-casa-dos-varais-santos-225x300.jpg 225w\" sizes=\"(max-width: 786px) 100vw, 786px\" \/><\/p>\n<p>Nosso suporte\u00a0desvio de corda deixa a passagem livre tirando as cordas do varal individual do caminho juntando para o canto.<\/p>\n<p><img loading=\"lazy\" decoding=\"async\" class=\" wp-image-548 alignnone\" src=\"http:\/\/aramarvarais.com\/wp-content\/uploads\/2017\/02\/site-suporte-de-corda3.jpg\" alt=\"site-suporte-de-corda3\" width=\"797\" height=\"1993\" srcset=\"https:\/\/aramarvarais.com\/wp-content\/uploads\/2017\/02\/site-suporte-de-corda3.jpg 600w, https:\/\/aramarvarais.com\/wp-content\/uploads\/2017\/02\/site-suporte-de-corda3-120x300.jpg 120w, https:\/\/aramarvarais.com\/wp-content\/uploads\/2017\/02\/site-suporte-de-corda3-410x1024.jpg 410w\" sizes=\"(max-width: 797px) 100vw, 797px\" \/><\/p>\n<p>&nbsp;<\/p>\n<p><img loading=\"lazy\" decoding=\"async\" class=\"size-full wp-image-550 alignnone\" src=\"http:\/\/aramarvarais.com\/wp-content\/uploads\/2017\/02\/site-desvio-de-corda-varal.jpg\" alt=\"site-desvio-de-corda-varal\" width=\"580\" height=\"600\" srcset=\"https:\/\/aramarvarais.com\/wp-content\/uploads\/2017\/02\/site-desvio-de-corda-varal.jpg 580w, https:\/\/aramarvarais.com\/wp-content\/uploads\/2017\/02\/site-desvio-de-corda-varal-290x300.jpg 290w\" sizes=\"(max-width: 580px) 100vw, 580px\" \/><\/p>\n<p><img loading=\"lazy\" decoding=\"async\" class=\"alignnone size-full wp-image-554\" src=\"http:\/\/aramarvarais.com\/wp-content\/uploads\/2017\/02\/site-desvio-de-corda-suporte.jpg\" alt=\"site desvio-de-corda-suporte\" width=\"800\" height=\"533\" srcset=\"https:\/\/aramarvarais.com\/wp-content\/uploads\/2017\/02\/site-desvio-de-corda-suporte.jpg 800w, https:\/\/aramarvarais.com\/wp-content\/uploads\/2017\/02\/site-desvio-de-corda-suporte-300x200.jpg 300w, https:\/\/aramarvarais.com\/wp-content\/uploads\/2017\/02\/site-desvio-de-corda-suporte-768x512.jpg 768w\" sizes=\"(max-width: 800px) 100vw, 800px\" \/><\/p>\n<p>&nbsp;<\/p>\n<p>Nessa instala\u00e7\u00e3o foi deixado um espa\u00e7o para troca da l\u00e2mpada.<\/p>\n<p>Fizemos a nossa exclusiva instala\u00e7\u00e3o que transpassa o gesso<\/p>\n<p>e fixa na laje com garantia vital\u00edcia na instala\u00e7\u00e3o.<\/p>\n<p><img loading=\"lazy\" decoding=\"async\" class=\"alignnone size-full wp-image-561\" src=\"http:\/\/aramarvarais.com\/wp-content\/uploads\/2017\/02\/site-aramar-sob-medida-santos-varal.jpg\" alt=\"site aramar-sob-medida-santos-varal\" width=\"600\" height=\"900\" srcset=\"https:\/\/aramarvarais.com\/wp-content\/uploads\/2017\/02\/site-aramar-sob-medida-santos-varal.jpg 600w, https:\/\/aramarvarais.com\/wp-content\/uploads\/2017\/02\/site-aramar-sob-medida-santos-varal-200x300.jpg 200w\" sizes=\"(max-width: 600px) 100vw, 600px\" \/><\/p>\n<p>&nbsp;<\/p>\n<p>No espa\u00e7o que voc\u00ea tem! Isso sim \u00e9 sob medida.<\/p>\n<p><img loading=\"lazy\" decoding=\"async\" class=\"alignnone size-full wp-image-563\" src=\"http:\/\/aramarvarais.com\/wp-content\/uploads\/2017\/02\/site-casa-do-varal-sob-medida.jpg\" alt=\"site-casa-do-varal-sob-medida\" width=\"800\" height=\"600\" srcset=\"https:\/\/aramarvarais.com\/wp-content\/uploads\/2017\/02\/site-casa-do-varal-sob-medida.jpg 800w, https:\/\/aramarvarais.com\/wp-content\/uploads\/2017\/02\/site-casa-do-varal-sob-medida-300x225.jpg 300w, https:\/\/aramarvarais.com\/wp-content\/uploads\/2017\/02\/site-casa-do-varal-sob-medida-768x576.jpg 768w\" sizes=\"(max-width: 800px) 100vw, 800px\" \/><\/p>\n<p><img loading=\"lazy\" decoding=\"async\" class=\"alignnone size-full wp-image-564\" src=\"http:\/\/aramarvarais.com\/wp-content\/uploads\/2017\/02\/site-sob-medida-brasil.jpg\" alt=\"site-sob-medida-brasil\" width=\"800\" height=\"600\" srcset=\"https:\/\/aramarvarais.com\/wp-content\/uploads\/2017\/02\/site-sob-medida-brasil.jpg 800w, https:\/\/aramarvarais.com\/wp-content\/uploads\/2017\/02\/site-sob-medida-brasil-300x225.jpg 300w\" sizes=\"(max-width: 800px) 100vw, 800px\" \/><\/p>\n<p>Servi\u00e7o realizado no Morro do Tortuga na cidade do Guaruj\u00e1 para uma arquiteta.<\/p>\n<p><img loading=\"lazy\" decoding=\"async\" class=\"alignnone size-full wp-image-821\" src=\"http:\/\/aramarvarais.com\/wp-content\/uploads\/2017\/02\/site-varal-garantia.jpg\" alt=\"site-varal-garantia\" width=\"1500\" height=\"1125\" srcset=\"https:\/\/aramarvarais.com\/wp-content\/uploads\/2017\/02\/site-varal-garantia.jpg 1500w, https:\/\/aramarvarais.com\/wp-content\/uploads\/2017\/02\/site-varal-garantia-300x225.jpg 300w, https:\/\/aramarvarais.com\/wp-content\/uploads\/2017\/02\/site-varal-garantia-768x576.jpg 768w, https:\/\/aramarvarais.com\/wp-content\/uploads\/2017\/02\/site-varal-garantia-1024x768.jpg 1024w\" sizes=\"(max-width: 1500px) 100vw, 1500px\" \/><\/p>\n<p><img loading=\"lazy\" decoding=\"async\" class=\"alignnone size-full wp-image-843\" src=\"http:\/\/aramarvarais.com\/wp-content\/uploads\/2017\/02\/site-concerto-de-varal-santos.jpg\" alt=\"concerto-de-varal-santos sob medida\" width=\"1000\" height=\"750\" srcset=\"https:\/\/aramarvarais.com\/wp-content\/uploads\/2017\/02\/site-concerto-de-varal-santos.jpg 1000w, https:\/\/aramarvarais.com\/wp-content\/uploads\/2017\/02\/site-concerto-de-varal-santos-300x225.jpg 300w, https:\/\/aramarvarais.com\/wp-content\/uploads\/2017\/02\/site-concerto-de-varal-santos-768x576.jpg 768w\" sizes=\"(max-width: 1000px) 100vw, 1000px\" \/><\/p>\n<p><img loading=\"lazy\" decoding=\"async\" class=\"alignnone size-full wp-image-844\" src=\"http:\/\/aramarvarais.com\/wp-content\/uploads\/2017\/02\/site-varal-sob-medida-santos-1.jpg\" alt=\"varal sob medida santos alum\u00ednio\" width=\"1000\" height=\"750\" srcset=\"https:\/\/aramarvarais.com\/wp-content\/uploads\/2017\/02\/site-varal-sob-medida-santos-1.jpg 1000w, https:\/\/aramarvarais.com\/wp-content\/uploads\/2017\/02\/site-varal-sob-medida-santos-1-300x225.jpg 300w, https:\/\/aramarvarais.com\/wp-content\/uploads\/2017\/02\/site-varal-sob-medida-santos-1-768x576.jpg 768w\" sizes=\"(max-width: 1000px) 100vw, 1000px\" \/><\/p>\n<p><img loading=\"lazy\" decoding=\"async\" class=\"alignnone size-full wp-image-847\" src=\"http:\/\/aramarvarais.com\/wp-content\/uploads\/2017\/02\/site-suporte-para-varal-santos.jpg\" alt=\"suporte para varal santos\" width=\"757\" height=\"1272\" srcset=\"https:\/\/aramarvarais.com\/wp-content\/uploads\/2017\/02\/site-suporte-para-varal-santos.jpg 757w, https:\/\/aramarvarais.com\/wp-content\/uploads\/2017\/02\/site-suporte-para-varal-santos-179x300.jpg 179w, https:\/\/aramarvarais.com\/wp-content\/uploads\/2017\/02\/site-suporte-para-varal-santos-609x1024.jpg 609w\" sizes=\"(max-width: 757px) 100vw, 757px\" \/><\/p>\n<figure id=\"attachment_851\" aria-describedby=\"caption-attachment-851\" style=\"width: 1100px\" class=\"wp-caption alignnone\"><img loading=\"lazy\" decoding=\"async\" class=\"size-full wp-image-851\" src=\"http:\/\/aramarvarais.com\/wp-content\/uploads\/2017\/02\/site-casa-dos-varais-samtos.jpg\" alt=\"Voc\u00ea precisa de um varal sob medida.\" width=\"1100\" height=\"820\" srcset=\"https:\/\/aramarvarais.com\/wp-content\/uploads\/2017\/02\/site-casa-dos-varais-samtos.jpg 1100w, https:\/\/aramarvarais.com\/wp-content\/uploads\/2017\/02\/site-casa-dos-varais-samtos-300x224.jpg 300w, https:\/\/aramarvarais.com\/wp-content\/uploads\/2017\/02\/site-casa-dos-varais-samtos-768x573.jpg 768w, https:\/\/aramarvarais.com\/wp-content\/uploads\/2017\/02\/site-casa-dos-varais-samtos-1024x763.jpg 1024w\" sizes=\"(max-width: 1100px) 100vw, 1100px\" \/><figcaption id=\"caption-attachment-851\" class=\"wp-caption-text\">Voc\u00ea precisa de um varal sob medida.<\/figcaption><\/figure>\n<p><img loading=\"lazy\" decoding=\"async\" class=\"alignnone size-full wp-image-865\" src=\"http:\/\/aramarvarais.com\/wp-content\/uploads\/2017\/02\/site-evidence-sao-vicente-varal.jpg\" alt=\"residencial-evidence-sao-vicente-varal\" width=\"1500\" height=\"1125\" srcset=\"https:\/\/aramarvarais.com\/wp-content\/uploads\/2017\/02\/site-evidence-sao-vicente-varal.jpg 1500w, https:\/\/aramarvarais.com\/wp-content\/uploads\/2017\/02\/site-evidence-sao-vicente-varal-300x225.jpg 300w, https:\/\/aramarvarais.com\/wp-content\/uploads\/2017\/02\/site-evidence-sao-vicente-varal-768x576.jpg 768w, https:\/\/aramarvarais.com\/wp-content\/uploads\/2017\/02\/site-evidence-sao-vicente-varal-1024x768.jpg 1024w\" sizes=\"(max-width: 1500px) 100vw, 1500px\" \/><\/p>\n<p>&nbsp;<\/p>\n<p>Pequenas altera\u00e7\u00f5es podem ser feitas sem aviso pr\u00e9vio, apenas para melhorar o produto.<\/p>\n<p>Todas as imagens do site n\u00e3o podem ser copiadas ou alteradas sem permiss\u00e3o.<\/p>\n<p><img loading=\"lazy\" decoding=\"async\" class=\"size-medium wp-image-470 aligncenter\" src=\"http:\/\/aramarvarais.com\/wp-content\/uploads\/2017\/02\/produto-reciclavel-3-300x225.png\" alt=\"produto-reciclavel-3\" width=\"300\" height=\"225\" srcset=\"https:\/\/aramarvarais.com\/wp-content\/uploads\/2017\/02\/produto-reciclavel-3-300x225.png 300w, https:\/\/aramarvarais.com\/wp-content\/uploads\/2017\/02\/produto-reciclavel-3.png 500w\" sizes=\"(max-width: 300px) 100vw, 300px\" \/><\/p>\n<p>&nbsp;<\/p>\n","protected":false},"excerpt":{"rendered":"<p>Fazemos varal sob medida tanto o tradicional quanto o individual, com material de qualidade. O varal sob medida n\u00e3o \u00e9 uma quest\u00e3o de tamanho mais de individualidade muitas \u00e1reas de servi\u00e7o tem aquecedores e arm\u00e1rios nem sempre o varal de medida padr\u00e3o se encaixa no espa\u00e7o que sobrou. Na Aramar Varais voc\u00ea escolhe o comprimento, n\u00famero de varetas e largura, o varal fica otimizado na sua \u00e1rea de servi\u00e7o. Em parceria com\u00a0 arquiteta Fernanda, fizemos um varal com o recorte para o aquecer n\u00e3o perdemos nem 1 cm da \u00e1rea de servi\u00e7o. &nbsp; &nbsp; &nbsp; &nbsp; &nbsp; suporte certo para cada \u00e1rea de servi\u00e7o. &nbsp; 3 Varais sob medida, visualize antes de fazer a op\u00e7\u00e3o de instala\u00e7\u00e3o! &nbsp; A cliente pediu um varal pequeno por usar o apartamento apenas no final de semana. &nbsp; Nessa caso era necess\u00e1rio usar todo o espa\u00e7o dispon\u00edvel. &nbsp; O \u00fanico espa\u00e7o dispon\u00edvel para o varal. &nbsp; &nbsp; &nbsp; O varal \u00e9 feito no espa\u00e7o que sua \u00e1rea de servi\u00e7o tem! Outra exclusividade nossa o varal feito com as varetas invertidas aproveitando melhor a circula\u00e7\u00e3o de ar! Nosso suporte\u00a0desvio de corda deixa a passagem livre tirando as cordas do varal individual do caminho juntando para o canto. &nbsp; &nbsp; Nessa instala\u00e7\u00e3o foi deixado um espa\u00e7o para troca da l\u00e2mpada. Fizemos a nossa exclusiva instala\u00e7\u00e3o que transpassa o gesso e fixa na laje com garantia vital\u00edcia na instala\u00e7\u00e3o. &nbsp; No espa\u00e7o que voc\u00ea tem! Isso sim \u00e9 sob medida. Servi\u00e7o realizado no Morro do Tortuga na cidade do Guaruj\u00e1 para uma arquiteta. &nbsp; Pequenas altera\u00e7\u00f5es podem ser feitas sem aviso pr\u00e9vio, apenas para melhorar o produto. Todas as imagens do site n\u00e3o podem ser copiadas ou alteradas sem permiss\u00e3o. &nbsp;<\/p>\n","protected":false},"author":1,"featured_media":0,"parent":0,"menu_order":0,"comment_status":"closed","ping_status":"closed","template":"","meta":{"footnotes":""},"class_list":["post-317","page","type-page","status-publish","hentry"],"_links":{"self":[{"href":"https:\/\/aramarvarais.com\/index.php?rest_route=\/wp\/v2\/pages\/317","targetHints":{"allow":["GET"]}}],"collection":[{"href":"https:\/\/aramarvarais.com\/index.php?rest_route=\/wp\/v2\/pages"}],"about":[{"href":"https:\/\/aramarvarais.com\/index.php?rest_route=\/wp\/v2\/types\/page"}],"author":[{"embeddable":true,"href":"https:\/\/aramarvarais.com\/index.php?rest_route=\/wp\/v2\/users\/1"}],"replies":[{"embeddable":true,"href":"https:\/\/aramarvarais.com\/index.php?rest_route=%2Fwp%2Fv2%2Fcomments&post=317"}],"version-history":[{"count":49,"href":"https:\/\/aramarvarais.com\/index.php?rest_route=\/wp\/v2\/pages\/317\/revisions"}],"predecessor-version":[{"id":1488,"href":"https:\/\/aramarvarais.com\/index.php?rest_route=\/wp\/v2\/pages\/317\/revisions\/1488"}],"wp:attachment":[{"href":"https:\/\/aramarvarais.com\/index.php?rest_route=%2Fwp%2Fv2%2Fmedia&parent=317"}],"curies":[{"name":"wp","href":"https:\/\/api.w.org\/{rel}","templated":true}]}}